{"id":19,"date":"2018-08-22T13:36:46","date_gmt":"2018-08-22T11:36:46","guid":{"rendered":"http:\/\/wildlife-workshop.de\/?page_id=19"},"modified":"2025-01-14T12:06:10","modified_gmt":"2025-01-14T11:06:10","slug":"start","status":"publish","type":"page","link":"https:\/\/wildlife-workshop.de\/","title":{"rendered":"Start"},"content":{"rendered":"<section class=\"l-section wpb_row height_auto width_full\"><div class=\"l-section-h i-cf\"><div class=\"g-cols vc_row via_flex valign_middle type_boxes stacking_default\"><div class=\"vc_col-sm-6 wpb_column vc_column_container has_bg_color\"><div class=\"vc_column-inner us_custom_82112583\"><div class=\"wpb_wrapper\"><div class=\"w-separator size_custom\" style=\"height:200\"><\/div><\/div><\/div><\/div><div class=\"vc_col-sm-6 wpb_column vc_column_container\"><div class=\"vc_column-inner us_custom_47474b22 us_animate_this\"><div class=\"wpb_wrapper\"><div class=\"wpb_text_column\"><div class=\"wpb_wrapper\"><h3>Herzlich willkommen bei Wildlife-Workshop!<\/h3>\n<h5>Ihre Experten f\u00fcr Tarn- und Ansitzfotografie<br \/>\nmitten in Deutschland.<\/h5>\n<p>Liebe Fotografinnen und Fotografen, Naturfreunde und Reiselustige, wir freuen uns, Ihnen auf unserer Internetseite ein abwechslungsreiches, interessantes, spannendes und lehrreiches Fotoreisen- und Workshop-Programm anbieten zu k\u00f6nnen.<\/p>\n<p>Wir geben Ihnen auf unseren Veranstaltungen wertvolle Informationen zum Auffinden von Motiven, Vorbereiten von Ansitzpl\u00e4tzen, Verhalten in der Natur, zur Bildgestaltung, zur digitalen Aufnahmetechnik, zum digitalen Workflow und zu Foto- und Computerausr\u00fcstung und s\u00e4mtlichen Zubeh\u00f6r.<\/p>\n<\/div><\/div><\/div><\/div><\/div><\/div><\/div><\/section><section class=\"l-section wpb_row height_auto width_full\"><div class=\"l-section-h i-cf\"><div class=\"g-cols vc_row via_flex valign_middle type_boxes stacking_default\"><div class=\"vc_col-sm-6 wpb_column vc_column_container\"><div class=\"vc_column-inner us_custom_7e20fa79 us_animate_this\"><div class=\"wpb_wrapper\"><div class=\"wpb_text_column\"><div class=\"wpb_wrapper\"><h3>Individualtermine und Workshops<\/h3>\n<p>Auch f\u00fcr Sie ist da bestimmt etwas Passendes dabei \u2013 schauen Sie doch einfach mal rein! Wenn Sie Fragen zu dem einen oder anderen Thema haben \u2013 anrufen oder mailen, wir stehen Ihnen jederzeit gerne zur Verf\u00fcgung.\u00a0Wir geben Ihnen auf unseren Veranstaltungen wertvolle Informationen zum Auffinden von Motiven, Vorbereiten von Ansitzpl\u00e4tzen, Verhalten in der Natur, zur Bildgestaltung, zur digitalen Aufnahmetechnik, zum digitalen Workflow und zu Foto- und Computerausr\u00fcstung und s\u00e4mtlichen Zubeh\u00f6r.<\/p>\n<p>Wir halten Sie gerne \u00fcber unsere Aktivit\u00e4ten auf dem Laufenden &#8211; melden Sie sich einfach zu unserem <a href=\"http:\/\/wildlife-workshop.de\/?page_id=756\">Newsletter<\/a> an!<\/p>\n<\/div><\/div><\/div><\/div><\/div><div class=\"vc_col-sm-6 wpb_column vc_column_container has_bg_color\"><div class=\"vc_column-inner us_custom_033d400a\"><div class=\"wpb_wrapper\"><div class=\"w-separator size_custom\" style=\"height:200\"><\/div><\/div><\/div><\/div><\/div><\/div><\/section><section class=\"l-section wpb_row height_auto width_full\"><div class=\"l-section-h i-cf\"><div class=\"g-cols vc_row via_flex valign_middle type_boxes stacking_default\"><div class=\"vc_col-sm-6 wpb_column vc_column_container has_bg_color\"><div class=\"vc_column-inner us_custom_ca09c564\"><div class=\"wpb_wrapper\"><div class=\"w-separator size_custom\" style=\"height:200\"><\/div><\/div><\/div><\/div><div class=\"vc_col-sm-6 wpb_column vc_column_container\"><div class=\"vc_column-inner us_custom_47474b22 us_animate_this\"><div class=\"wpb_wrapper\"><div class=\"wpb_text_column\"><div class=\"wpb_wrapper\"><h3>Gutschein f\u00fcr Eisvogel &amp; Co.<\/h3>\n<h5>Das besondere Geschenk<\/h5>\n<p>Sie suchen noch ein passendes Geschenk f\u00fcr Sie oder Ihn?<\/p>\n<p><span class=\"dgmager14\">Wir haben etwas ganz Besonderes \u2013 verschenken Sie doch mal einen Gutschein f\u00fcr einen Fotoworkshop oder f\u00fcr eine Foto-Session auf \u00bbEisvogel &amp; Co\u00ab oder \u00bbGreife im Winter\u00ab!<\/span><\/p>\n<p><span class=\"dgmager14\">Zu Ihrem gew\u00fcnschten Termin und garantiert von Erfolg gekr\u00f6nt! Wie w\u00e4re es mit einem Intensivtag \u00bbDigitale Bildbearbeitung\u00ab? Jetzt einen Gutschein verschenken, und wir senden Ihnen rechtzeitig einen ansprechend gestalteten, pers\u00f6nlichen Gutschein mit einem kleinen zus\u00e4tzlichen Geschenk an Sie!<\/span><\/p>\n<p>Unsere Gutscheine sind ab Ausstellungsdatum 3 Jahre g\u00fcltig. Keine Barabl\u00f6sung.<\/p>\n<\/div><\/div><\/div><\/div><\/div><\/div><\/div><\/section>\n","protected":false},"excerpt":{"rendered":"Herzlich willkommen bei Wildlife-Workshop! Ihre Experten f\u00fcr Tarn- und Ansitzfotografie mitten in Deutschland. Liebe Fotografinnen und Fotografen, Naturfreunde und Reiselustige, wir freuen uns, Ihnen auf unserer Internetseite ein abwechslungsreiches, interessantes, spannendes und lehrreiches Fotoreisen- und Workshop-Programm anbieten zu k\u00f6nnen. Wir geben Ihnen auf unseren Veranstaltungen wertvolle Informationen zum Auffinden von Motiven, Vorbereiten von Ansitzpl\u00e4tzen, Verhalten...","protected":false},"author":1,"featured_media":0,"parent":0,"menu_order":0,"comment_status":"closed","ping_status":"closed","template":"","meta":{"footnotes":""},"class_list":["post-19","page","type-page","status-publish","hentry"],"_links":{"self":[{"href":"https:\/\/wildlife-workshop.de\/index.php?rest_route=\/wp\/v2\/pages\/19","targetHints":{"allow":["GET"]}}],"collection":[{"href":"https:\/\/wildlife-workshop.de\/index.php?rest_route=\/wp\/v2\/pages"}],"about":[{"href":"https:\/\/wildlife-workshop.de\/index.php?rest_route=\/wp\/v2\/types\/page"}],"author":[{"embeddable":true,"href":"https:\/\/wildlife-workshop.de\/index.php?rest_route=\/wp\/v2\/users\/1"}],"replies":[{"embeddable":true,"href":"https:\/\/wildlife-workshop.de\/index.php?rest_route=%2Fwp%2Fv2%2Fcomments&post=19"}],"version-history":[{"count":31,"href":"https:\/\/wildlife-workshop.de\/index.php?rest_route=\/wp\/v2\/pages\/19\/revisions"}],"predecessor-version":[{"id":1221,"href":"https:\/\/wildlife-workshop.de\/index.php?rest_route=\/wp\/v2\/pages\/19\/revisions\/1221"}],"wp:attachment":[{"href":"https:\/\/wildlife-workshop.de\/index.php?rest_route=%2Fwp%2Fv2%2Fmedia&parent=19"}],"curies":[{"name":"wp","href":"https:\/\/api.w.org\/{rel}","templated":true}]}}

<section class="l-section wpb_row height_auto width_full"><div class="l-section-h i-cf"><div class="g-cols vc_row via_flex valign_middle type_boxes stacking_default"><div class="vc_col-sm-6 wpb_column vc_column_container has_bg_color"><div class="vc_column-inner us_custom_82112583"><div class="wpb_wrapper"><div class="w-separator size_custom" style="height:200"></div></div></div></div><div class="vc_col-sm-6 wpb_column vc_column_container"><div class="vc_column-inner us_custom_47474b22 us_animate_this"><div class="wpb_wrapper"><div class="wpb_text_column"><div class="wpb_wrapper"><h3>Herzlich willkommen bei Wildlife-Workshop!</h3>
<h5>Ihre Experten für Tarn- und Ansitzfotografie<br />
mitten in Deutschland.</h5>
<p>Liebe Fotografinnen und Fotografen, Naturfreunde und Reiselustige, wir freuen uns, Ihnen auf unserer Internetseite ein abwechslungsreiches, interessantes, spannendes und lehrreiches Fotoreisen- und Workshop-Programm anbieten zu können.</p>
<p>Wir geben Ihnen auf unseren Veranstaltungen wertvolle Informationen zum Auffinden von Motiven, Vorbereiten von Ansitzplätzen, Verhalten in der Natur, zur Bildgestaltung, zur digitalen Aufnahmetechnik, zum digitalen Workflow und zu Foto- und Computerausrüstung und sämtlichen Zubehör.</p>
</div></div></div></div></div></div></div></section><section class="l-section wpb_row height_auto width_full"><div class="l-section-h i-cf"><div class="g-cols vc_row via_flex valign_middle type_boxes stacking_default"><div class="vc_col-sm-6 wpb_column vc_column_container"><div class="vc_column-inner us_custom_7e20fa79 us_animate_this"><div class="wpb_wrapper"><div class="wpb_text_column"><div class="wpb_wrapper"><h3>Individualtermine und Workshops</h3>
<p>Auch für Sie ist da bestimmt etwas Passendes dabei – schauen Sie doch einfach mal rein! Wenn Sie Fragen zu dem einen oder anderen Thema haben – anrufen oder mailen, wir stehen Ihnen jederzeit gerne zur Verfügung. Wir geben Ihnen auf unseren Veranstaltungen wertvolle Informationen zum Auffinden von Motiven, Vorbereiten von Ansitzplätzen, Verhalten in der Natur, zur Bildgestaltung, zur digitalen Aufnahmetechnik, zum digitalen Workflow und zu Foto- und Computerausrüstung und sämtlichen Zubehör.</p>
<p>Wir halten Sie gerne über unsere Aktivitäten auf dem Laufenden &#8211; melden Sie sich einfach zu unserem <a href="http://wildlife-workshop.de/?page_id=756">Newsletter</a> an!</p>
</div></div></div></div></div><div class="vc_col-sm-6 wpb_column vc_column_container has_bg_color"><div class="vc_column-inner us_custom_033d400a"><div class="wpb_wrapper"><div class="w-separator size_custom" style="height:200"></div></div></div></div></div></div></section><section class="l-section wpb_row height_auto width_full"><div class="l-section-h i-cf"><div class="g-cols vc_row via_flex valign_middle type_boxes stacking_default"><div class="vc_col-sm-6 wpb_column vc_column_container has_bg_color"><div class="vc_column-inner us_custom_ca09c564"><div class="wpb_wrapper"><div class="w-separator size_custom" style="height:200"></div></div></div></div><div class="vc_col-sm-6 wpb_column vc_column_container"><div class="vc_column-inner us_custom_47474b22 us_animate_this"><div class="wpb_wrapper"><div class="wpb_text_column"><div class="wpb_wrapper"><h3>Gutschein für Eisvogel &amp; Co.</h3>
<h5>Das besondere Geschenk</h5>
<p>Sie suchen noch ein passendes Geschenk für Sie oder Ihn?</p>
<p><span class="dgmager14">Wir haben etwas ganz Besonderes – verschenken Sie doch mal einen Gutschein für einen Fotoworkshop oder für eine Foto-Session auf »Eisvogel &amp; Co« oder »Greife im Winter«!</span></p>
<p><span class="dgmager14">Zu Ihrem gewünschten Termin und garantiert von Erfolg gekrönt! Wie wäre es mit einem Intensivtag »Digitale Bildbearbeitung«? Jetzt einen Gutschein verschenken, und wir senden Ihnen rechtzeitig einen ansprechend gestalteten, persönlichen Gutschein mit einem kleinen zusätzlichen Geschenk an Sie!</span></p>
<p>Unsere Gutscheine sind ab Ausstellungsdatum 3 Jahre gültig. Keine Barablösung.</p>
</div></div></div></div></div></div></div></section>

Herzlich willkommen bei Wildlife-Workshop! Ihre Experten für Tarn- und Ansitzfotografie mitten in Deutschland. Liebe Fotografinnen und Fotografen, Naturfreunde und Reiselustige, wir freuen uns, Ihnen auf unserer Internetseite ein abwechslungsreiches, interessantes, spannendes und lehrreiches Fotoreisen- und Workshop-Programm anbieten zu können. Wir geben Ihnen auf unseren Veranstaltungen wertvolle Informationen zum Auffinden von Motiven, Vorbereiten von Ansitzplätzen, Verhalten...
